{"id":4364,"date":"2021-11-15T22:02:34","date_gmt":"2021-11-15T22:02:34","guid":{"rendered":"https:\/\/salimediciones.com.ar\/new\/?page_id=4364"},"modified":"2021-11-15T22:04:23","modified_gmt":"2021-11-15T22:04:23","slug":"vinculos-4","status":"publish","type":"page","link":"https:\/\/salimediciones.com.ar\/new\/vinculos-4\/","title":{"rendered":"Vinculos"},"content":{"rendered":"\t\t<div data-elementor-type=\"wp-page\" data-elementor-id=\"4364\" class=\"elementor elementor-4364\">\n\t\t\t\t\t\t<section class=\"elementor-section elementor-top-section elementor-element elementor-element-0a5ab4f elementor-section-boxed elementor-section-height-default elementor-section-height-default\" data-id=\"0a5ab4f\" data-element_type=\"section\" data-e-type=\"section\">\n\t\t\t\t\t\t<div class=\"elementor-container elementor-column-gap-default\">\n\t\t\t\t\t<div class=\"elementor-column elementor-col-100 elementor-top-column elementor-element elementor-element-475da0c\" data-id=\"475da0c\" data-element_type=\"column\" data-e-type=\"column\">\n\t\t\t<div class=\"elementor-widget-wrap elementor-element-populated\">\n\t\t\t\t\t\t<div class=\"elementor-element elementor-element-4958b60 elementor-widget elementor-widget-lae-portfolio\" data-id=\"4958b60\" data-element_type=\"widget\" data-e-type=\"widget\" data-settings=\"{&quot;per_line&quot;:&quot;3&quot;,&quot;per_line_tablet&quot;:&quot;2&quot;,&quot;per_line_mobile&quot;:&quot;1&quot;}\" data-widget_type=\"lae-portfolio.default\">\n\t\t\t\t<div class=\"elementor-widget-container\">\n\t\t\t\t\t<div id=\"lae-block-uid-6a035f80bce11\" class=\"lae-container lae-block lae-block-grid lae-block-grid-1 lae-gapless-grid lae-block-header-expanded lae-block-header-6 grid-1 lae-block-uid-6a035f80bce11\"  data-block-uid='lae-block-uid-6a035f80bce11' data-action='lae_load_posts_block' data-query='{\"orderby\":\"title\",\"order\":\"ASC\",\"ignore_sticky_posts\":1,\"post_status\":\"publish\",\"posts_per_page\":12,\"offset\":0,\"post_type\":\"post\",\"tax_query\":{\"relation\":\"OR\",\"0\":{\"taxonomy\":\"coleccion\",\"field\":\"slug\",\"terms\":\"vinculos\"}},\"paged\":1}' data-settings='{\"block_class\":\"grid-1\",\"heading\":\"\",\"heading_url\":{\"url\":\"\",\"is_external\":\"true\",\"nofollow\":\"\",\"custom_attributes\":\"\"},\"taxonomy_chosen\":\"category\",\"header_template\":\"block_header_6\",\"block_type\":\"block_grid_1\",\"grid_skin\":\"classic_skin\",\"item_template\":\"\",\"grid_template\":\"\",\"display_title_on_thumbnail\":true,\"display_taxonomy_on_thumbnail\":false,\"display_title\":false,\"display_summary\":false,\"rich_text_excerpt\":false,\"display_excerpt_lightbox\":true,\"display_read_more\":false,\"read_more_text\":\"Read More\",\"display_author\":false,\"display_post_date\":false,\"display_comments\":false,\"display_taxonomy\":true,\"display_product_quick_view\":true,\"display_product_price\":true,\"display_add_to_cart_button\":true,\"display_wish_list_button\":true,\"display_product_rating\":true,\"thumbnail_size_size\":\"large\",\"thumbnail_size_custom_dimension\":[],\"filterable\":false,\"layout_mode\":\"fitRows\",\"per_line\":3,\"per_line_tablet\":2,\"per_line_mobile\":1,\"per_line1\":2,\"per_line2\":4,\"per_line2_tablet\":2,\"per_line2_mobile\":1,\"image_linkable\":true,\"post_link_new_window\":false,\"excerpt_length\":25,\"enable_lightbox\":true,\"pagination\":\"none\",\"show_remaining\":true,\"heading_tag\":\"h3\",\"title_tag\":\"h3\",\"entry_title_tag\":\"h3\",\"taxonomies\":[\"coleccion\"]}' data-taxonomies='[\"coleccion\"]' data-total='3' data-current='1' data-maxpages='1' data-filter-term='' data-filter-taxonomy=''><div class=\"lae-block-inner lae-grid-container  lae-grid-desktop-3 lae-grid-tablet-2 lae-grid-mobile-1\"><div class=\"lae-block-column  term-338 lae-grid-item\">\n        <article\n                class=\"lae-module-11 lae-module post-3885 post type-post status-publish format-standard has-post-thumbnail hentry category-uncategorized autor-batic-leo coleccion-vinculos\">\n\n            \n                <div class=\"lae-module-image\">\n\n                    <a class=\"lae-post-link\" href=\"https:\/\/salimediciones.com.ar\/new\/algoritmo-prohibido\/\"><img fetchpriority=\"high\" decoding=\"async\" width=\"694\" height=\"1024\" src=\"https:\/\/salimediciones.com.ar\/new\/wp-content\/uploads\/2020\/07\/342949-694x1024.jpg\" class=\"lae-image skip-lazy no-lazyload exclude-me a3-notlazy attachment-large size-large\" alt=\"342949\" title=\"342949\" data-no-lazy=\"1\" loading=\"eager\" srcset=\"https:\/\/salimediciones.com.ar\/new\/wp-content\/uploads\/2020\/07\/342949-694x1024.jpg 694w, https:\/\/salimediciones.com.ar\/new\/wp-content\/uploads\/2020\/07\/342949-203x300.jpg 203w, https:\/\/salimediciones.com.ar\/new\/wp-content\/uploads\/2020\/07\/342949-225x332.jpg 225w, https:\/\/salimediciones.com.ar\/new\/wp-content\/uploads\/2020\/07\/342949-768x1133.jpg 768w, https:\/\/salimediciones.com.ar\/new\/wp-content\/uploads\/2020\/07\/342949.jpg 807w\" sizes=\"(max-width: 694px) 100vw, 694px\" \/><\/a>\n                    <a class=\"lae-lightbox-item lae-click-icon\" data-elementor-open-lightbox=\"no\" data-fancybox=\"grid-1\" data-thumb=\"https:\/\/salimediciones.com.ar\/new\/wp-content\/uploads\/2020\/07\/342949-225x332.jpg\" data-post-link=\"https:\/\/salimediciones.com.ar\/new\/algoritmo-prohibido\/\" data-post-excerpt=\"Autor: Batic Leo ISBN: 9789877420715 P\u00e1ginas: 144 Caracter\u00edstica: Ciencia ficci\u00f3n - Distop\u00eda Colecci\u00f3n: Vinculos\u00a0 Medea 7 ha sido condenada por leer libros de papel, por\u2026\" href=\"https:\/\/salimediciones.com.ar\/new\/wp-content\/uploads\/2020\/07\/342949.jpg\" title=\"ALGORITMO PROHIBIDO\"><i class=\"lae-icon-full-screen\"><\/i><\/a>\n                    <div class=\"lae-module-image-info\">\n\n                        <div class=\"lae-module-entry-info\">\n\n                            <h3 class=\"lae-post-title\"><a href=\"https:\/\/salimediciones.com.ar\/new\/algoritmo-prohibido\/\" title=\"ALGORITMO PROHIBIDO\" rel=\"bookmark\">ALGORITMO PROHIBIDO<\/a><\/h3>\n                            \n                        <\/div>\n\n                    <\/div>\n\n                <\/div>\n\n            \n            <div class=\"lae-module-entry-text\">\n\n                \n                <div class=\"lae-module-meta\">\n                                                            <span class=\"lae-terms\"><a href=\"https:\/\/salimediciones.com.ar\/new\/coleccion\/vinculos\/\">Vinculos<\/a><\/span>                <\/div>\n\n                <div class=\"lae-excerpt\">\n                                    <\/div>\n\n                \n            <\/div>\n\n        <\/article><!-- .hentry -->\n\n        <\/div><div class=\"lae-block-column  term-338 lae-grid-item\">\n        <article\n                class=\"lae-module-11 lae-module post-3886 post type-post status-publish format-standard has-post-thumbnail hentry category-uncategorized autor-batic-leo coleccion-vinculos\">\n\n            \n                <div class=\"lae-module-image\">\n\n                    <a class=\"lae-post-link\" href=\"https:\/\/salimediciones.com.ar\/new\/cazador-de-trolls\/\"><img decoding=\"async\" width=\"594\" height=\"850\" src=\"https:\/\/salimediciones.com.ar\/new\/wp-content\/uploads\/2020\/07\/153976.jpg\" class=\"lae-image skip-lazy no-lazyload exclude-me a3-notlazy attachment-large size-large\" alt=\"153976\" title=\"153976\" data-no-lazy=\"1\" loading=\"eager\" srcset=\"https:\/\/salimediciones.com.ar\/new\/wp-content\/uploads\/2020\/07\/153976.jpg 594w, https:\/\/salimediciones.com.ar\/new\/wp-content\/uploads\/2020\/07\/153976-210x300.jpg 210w, https:\/\/salimediciones.com.ar\/new\/wp-content\/uploads\/2020\/07\/153976-225x322.jpg 225w\" sizes=\"(max-width: 594px) 100vw, 594px\" \/><\/a>\n                    <a class=\"lae-lightbox-item lae-click-icon\" data-elementor-open-lightbox=\"no\" data-fancybox=\"grid-1\" data-thumb=\"https:\/\/salimediciones.com.ar\/new\/wp-content\/uploads\/2020\/07\/153976-225x322.jpg\" data-post-link=\"https:\/\/salimediciones.com.ar\/new\/cazador-de-trolls\/\" data-post-excerpt=\"Autor: Batic Leo ISBN: 9789877421125 P\u00e1ginas: 112 Caracter\u00edstica: Conflicto de generaciones Colecci\u00f3n: Vinculos\u00a0 El\u00edas vive con su madre. Ella cocina, trabaja, y le pone reglas.\u2026\" href=\"https:\/\/salimediciones.com.ar\/new\/wp-content\/uploads\/2020\/07\/153976.jpg\" title=\"CAZADOR DE TROLLS\"><i class=\"lae-icon-full-screen\"><\/i><\/a>\n                    <div class=\"lae-module-image-info\">\n\n                        <div class=\"lae-module-entry-info\">\n\n                            <h3 class=\"lae-post-title\"><a href=\"https:\/\/salimediciones.com.ar\/new\/cazador-de-trolls\/\" title=\"CAZADOR DE TROLLS\" rel=\"bookmark\">CAZADOR DE TROLLS<\/a><\/h3>\n                            \n                        <\/div>\n\n                    <\/div>\n\n                <\/div>\n\n            \n            <div class=\"lae-module-entry-text\">\n\n                \n                <div class=\"lae-module-meta\">\n                                                            <span class=\"lae-terms\"><a href=\"https:\/\/salimediciones.com.ar\/new\/coleccion\/vinculos\/\">Vinculos<\/a><\/span>                <\/div>\n\n                <div class=\"lae-excerpt\">\n                                    <\/div>\n\n                \n            <\/div>\n\n        <\/article><!-- .hentry -->\n\n        <\/div><div class=\"lae-block-column  term-338 lae-grid-item\">\n        <article\n                class=\"lae-module-11 lae-module post-3887 post type-post status-publish format-standard has-post-thumbnail hentry category-uncategorized autor-batic-leo coleccion-vinculos\">\n\n            \n                <div class=\"lae-module-image\">\n\n                    <a class=\"lae-post-link\" href=\"https:\/\/salimediciones.com.ar\/new\/monstruo\/\"><img decoding=\"async\" width=\"706\" height=\"1024\" src=\"https:\/\/salimediciones.com.ar\/new\/wp-content\/uploads\/2020\/07\/421808-706x1024.jpg\" class=\"lae-image skip-lazy no-lazyload exclude-me a3-notlazy attachment-large size-large\" alt=\"421808\" title=\"421808\" data-no-lazy=\"1\" loading=\"eager\" srcset=\"https:\/\/salimediciones.com.ar\/new\/wp-content\/uploads\/2020\/07\/421808-706x1024.jpg 706w, https:\/\/salimediciones.com.ar\/new\/wp-content\/uploads\/2020\/07\/421808-207x300.jpg 207w, https:\/\/salimediciones.com.ar\/new\/wp-content\/uploads\/2020\/07\/421808-225x326.jpg 225w, https:\/\/salimediciones.com.ar\/new\/wp-content\/uploads\/2020\/07\/421808-768x1114.jpg 768w, https:\/\/salimediciones.com.ar\/new\/wp-content\/uploads\/2020\/07\/421808.jpg 821w\" sizes=\"(max-width: 706px) 100vw, 706px\" \/><\/a>\n                    <a class=\"lae-lightbox-item lae-click-icon\" data-elementor-open-lightbox=\"no\" data-fancybox=\"grid-1\" data-thumb=\"https:\/\/salimediciones.com.ar\/new\/wp-content\/uploads\/2020\/07\/421808-225x326.jpg\" data-post-link=\"https:\/\/salimediciones.com.ar\/new\/monstruo\/\" data-post-excerpt=\"Autor: Batic Leo ISBN: 9789877420647 P\u00e1ginas: 128 Caracter\u00edstica: Realismo m\u00e1gico - Misterio Colecci\u00f3n: Vinculos\u00a0 A Rodolfo le gustan las gomitas de eucaliptus, comer asados, jugar\u2026\" href=\"https:\/\/salimediciones.com.ar\/new\/wp-content\/uploads\/2020\/07\/421808.jpg\" title=\"MONSTRUO\"><i class=\"lae-icon-full-screen\"><\/i><\/a>\n                    <div class=\"lae-module-image-info\">\n\n                        <div class=\"lae-module-entry-info\">\n\n                            <h3 class=\"lae-post-title\"><a href=\"https:\/\/salimediciones.com.ar\/new\/monstruo\/\" title=\"MONSTRUO\" rel=\"bookmark\">MONSTRUO<\/a><\/h3>\n                            \n                        <\/div>\n\n                    <\/div>\n\n                <\/div>\n\n            \n            <div class=\"lae-module-entry-text\">\n\n                \n                <div class=\"lae-module-meta\">\n                                                            <span class=\"lae-terms\"><a href=\"https:\/\/salimediciones.com.ar\/new\/coleccion\/vinculos\/\">Vinculos<\/a><\/span>                <\/div>\n\n                <div class=\"lae-excerpt\">\n                                    <\/div>\n\n                \n            <\/div>\n\n        <\/article><!-- .hentry -->\n\n        <\/div><\/div><!-- .block-inner --><\/div><!-- .block -->\t\t\t\t<\/div>\n\t\t\t\t<\/div>\n\t\t\t\t\t<\/div>\n\t\t<\/div>\n\t\t\t\t\t<\/div>\n\t\t<\/section>\n\t\t\t\t<\/div>\n\t\t","protected":false},"excerpt":{"rendered":"<p>ALGORITMO PROHIBIDO Vinculos CAZADOR DE TROLLS Vinculos MONSTRUO Vinculos<\/p>\n","protected":false},"author":1,"featured_media":0,"parent":0,"menu_order":0,"comment_status":"closed","ping_status":"closed","template":"","meta":{"footnotes":""},"class_list":["post-4364","page","type-page","status-publish","hentry"],"_links":{"self":[{"href":"https:\/\/salimediciones.com.ar\/new\/wp-json\/wp\/v2\/pages\/4364","targetHints":{"allow":["GET"]}}],"collection":[{"href":"https:\/\/salimediciones.com.ar\/new\/wp-json\/wp\/v2\/pages"}],"about":[{"href":"https:\/\/salimediciones.com.ar\/new\/wp-json\/wp\/v2\/types\/page"}],"author":[{"embeddable":true,"href":"https:\/\/salimediciones.com.ar\/new\/wp-json\/wp\/v2\/users\/1"}],"replies":[{"embeddable":true,"href":"https:\/\/salimediciones.com.ar\/new\/wp-json\/wp\/v2\/comments?post=4364"}],"version-history":[{"count":3,"href":"https:\/\/salimediciones.com.ar\/new\/wp-json\/wp\/v2\/pages\/4364\/revisions"}],"predecessor-version":[{"id":4369,"href":"https:\/\/salimediciones.com.ar\/new\/wp-json\/wp\/v2\/pages\/4364\/revisions\/4369"}],"wp:attachment":[{"href":"https:\/\/salimediciones.com.ar\/new\/wp-json\/wp\/v2\/media?parent=4364"}],"curies":[{"name":"wp","href":"https:\/\/api.w.org\/{rel}","templated":true}]}}